ommon divisor of l and s.
3
Let i(b) be the first derivative of 1/4*b**4 + 3/2*b**2 - 4*b - 6 - 4/3*b**3. Let f be i(4). Calculate the highest common factor of f and 8.
8
Let x(m) = -m**2 + 37*m + 256. Let u be x(-5). What is the highest common factor of u and 26?
2
Let f be (-30)/(-8)*(5 + (-22)/6). Suppose -2*n = a - 140, -f*a = -a + 16. What is the highest common factor of n and 9?
9
Let m be (4/(-5))/(2/(-35)). Let x be 4/(-72) - (-22 + 53145/(-162)). Calculate the highest common factor of m and x.
14
Let r = 100 + -42. Suppose 0 = 2*h - 2*i - r, -3*h + 3*i = -5*h + 38. Calculate the highest common divisor of 50 and h.
25
Let s(l) = 8*l**2 - 48*l - 190. Let f be s(-4). What is the greatest common divisor of f and 740?
10
Let m be -1*3/((-15)/260). Suppose 4*f - m*r + 48*r = 212, -3*f + 149 = -r. Calculate the highest common divisor of 264 and f.
24
Let y = 414 + -266. Let d(z) = 2*z + 6. Let c be d(-1). Suppose 31 = c*u - 117. Calculate the greatest common divisor of u and y.
37
Let y(o) = 427*o - 4240. Let b be y(10). What is the highest common factor of 1731 and b?
3
Let t = 0 - -34. Suppose t = -13*b + 2322. Calculate the highest common factor of 11 and b.
11
Let z(i) = 2*i**3 - 25*i**2 + 123*i + 102. Let a be z(10). What is the highest common divisor of a and 1216?
64
Let o(c) = -7*c**3 + c**2. Let p be o(-1). Let w be (-2916)/(-45)*(3 - -2). Let v = w - 312. What is the greatest common divisor of p and v?
4
Let y(r) = 11*r + 146. Let g be y(-13). Suppose -g*h = -5*h + 2*v + 98, -h + 64 = -4*v. What is the greatest common factor of h and 55?
11
Let o = -5816 + 10739. Calculate the greatest common factor of 18 and o.
9
Let o be 100/(-14)*-72 + 88/(-308). Let w be 5/2*(-48)/(-20) + o. Calculate the greatest common factor of w and 13.
13
Suppose 0 = 2*g - 4*r - 28, 4*g - 4*r - 76 = -0*r. Let v = -72 - -72. Suppose 3*l - 48 + v = 0. Calculate the highest common factor of l and g.
8
Let t be 5/(-10)*-656 + -5. Let q = -268 + t. Calculate the greatest common factor of 5 and q.
5
Suppose 4*c - 3*t - 15329 = 0, 5*c - c - 4*t = 15324. Suppose 0 = -5*u + c - 506. Suppose -31*v = -29*v - u. What is the highest common divisor of v and 37?
37
Let u(s) = 6*s + 8. Let o be u(6). Suppose -72 = -4*g + o. Let b be -522*(-5 + (-27)/(-6)). What is the highest common factor of b and g?
29
Let t be (54/15)/((-12)/(-300)). Let x = -88 + t. Let r be x/4*(-8)/(-12)*78. Calculate the highest common factor of r and 117.
13
Let w = 174 + -94. Suppose 23*r - 460 = 18*r. Suppose 18*o - r = 88. Calculate the highest common divisor of o and w.
10
Let j = -2305 + 2769. Calculate the highest common divisor of 261 and j.
29
Let g = 15912 + -15882. What is the greatest common divisor of g and 4845?
15
Suppose -w + 6 + 2 = 0. Let d(b) = 3*b**3 + 2*b**2 + 6*b. Let s be d(3). Let y = s - 105. Calculate the greatest common factor of w and y.
4
Suppose 8*s - 6*s - 3*f - 173 = 0, 2*s - 4*f - 172 = 0. Calculate the highest common factor of 1430 and s.
22
Let j(t) = -t**3 + 5*t**2 + 32*t - 76. Let l be j(7). Calculate the highest common factor of l and 5850.
50
Let f be (4/1)/(38/57). Let j be (f/8)/(4/(237 - -3)). Suppose 4*v = 5*t + 33, 9*v - 4*v - 5*t - j = 0. Calculate the greatest common factor of v and 3.
3
Suppose -7*u = -4*u - 42. Suppose 14*c = -8*c + 518 + 98. What is the greatest common factor of c and u?
14
Suppose 439 = -28*y - 121. Let f(h) = -h**3 - 21*h**2 - 13*h + 145. Let v be f(y). What is the greatest common divisor of v and 95?
5
Suppose 0 = 56*f - 62*f + 54. Let s be (100/(-35))/(1 + f/(-7)). Calculate the highest common divisor of s and 1370.
10
Suppose 0 = -59*c - 26989 + 237265. What is the greatest common divisor of c and 264?
132
Suppose -4*w - 404 + 1812 = 0. Let j be 156/(-91)*(-3)/((-6)/(-161)). Let t be (-5)/(-15)*j + -2. Calculate the highest common divisor of t and w.
44
Suppose 2*z - 122 = q, 4*q - 5*z + 3*z + 470 = 0. Let a(u) = -122*u - 19. Let i be a(1). Let f = q - i. Calculate the greatest common divisor of 100 and f.
25
Let i be (702/(-9))/(-2) + 26 + -17. What is the highest common factor of 564 and i?
12
Let g = -313 + 538. Calculate the greatest common divisor of g and 725.
25
Let l = -551 + 1050. Let h = -467 + l. Calculate the greatest common factor of h and 2.
2
Let i be -2 + 1/((-2)/(-10)). Let t be 159*16/18 - 2/6. Let u = -126 + t. Calculate the highest common divisor of i and u.
3
Suppose 1435 = -36*d + 755 + 788. Let a = -3 + 18. What is the highest common divisor of d and a?
3
Let b(u) = u**2 - 13*u - 86. Let z be b(-10). Calculate the greatest common factor of z and 189.
9
Let j be 2/(5/(-16)*136/(-1700)). Calculate the highest common divisor of j and 1410.
10
Suppose 510 = 770*t - 753*t. What is the greatest common factor of t and 2230?
10
Suppose 106 = 12*z + 10. Suppose 67 = 3*n + 2*j + z, 2*j + 88 = 4*n. Calculate the greatest common divisor of n and 14.
7
Let t(x) = 12*x**2 + 6*x. Let l be t(-3). Let o be (-476)/(-221) + (-4)/26. Suppose o*h - 150 = -3*h. Calculate the highest common factor of h and l.
30
Let n = -54 - -118. Let w(t) = -74*t + 2*t**2 + 35*t + 4*t + 0*t**2 + 25. Let l be w(17). Calculate the greatest common factor of l and n.
8
Let a be 35*76/(-285)*-6. What is the greatest common factor of 3332 and a?
28
Let o = -3096 + 3762. Calculate the highest common divisor of 2627 and o.
37
Let v(c) = -2*c**3 - 9*c**2 + c + 3. Let t(p) = p**3 + p**2. Let x(g) = -3*t(g) - v(g). Let k be x(4). Calculate the highest common factor of k and 125.
25
Let t(l) = 876*l**2 - 472*l + 938. Let f be t(2). Calculate the highest common divisor of f and 198.
66
Let v = 193 + -179. Suppose 402 = v*h - 186. Calculate the highest common divisor of 14 and h.
14
Suppose -279*f = -478*f + 269048. What is the greatest common divisor of f and 2?
2
Let c(o) = 2*o**3 + 44*o**2 - 47*o - 17. Let a be (-3)/9 - (-1)/((-6)/136). Let d be c(a). What is the highest common factor of 129 and d?
3
Suppose 3232*d = 3215*d + 2590 + 4635. Calculate the greatest common factor of d and 1360.
85
Let f be 183 - (-25 - (15 + -34)). What is the greatest common factor of f and 903?
21
Let s = 24892 - 24208. What is the highest common factor of 234 and s?
18
Let g = 447 - 447. Suppose -7*t + 13*t - 60 = g. What is the highest common divisor of 40 and t?
10
Let p(x) = 4*x**3 + x**2 + 7*x - 12. Let z be p(2). Suppose -3*c = k - z, 3*c - 6 = -0*c. What is the greatest common factor of 72 and k?
8
Suppose 3*k + 55 = 4*n, k - 25 = -n - 2*k. Suppose 0 = -v - q + 11, 15*q - 16*q - n = -2*v. Let j = -66 + 147. What is the highest common factor of v and j?
9
Suppose 0 = -10*h - 3*o + 322, -o - 7 - 67 = -2*h. Suppose z - 3*l = -0*l + 162, -3*z - 4*l + 447 = 0. What is the greatest common factor of z and h?
17
Suppose 0 = -k + 15*w - 11*w + 15, -2*k - 4*w - 6 = 0. Suppose k*g + 3*c - 20 = 2*g, -2*g - c + 30 = 0. What is the highest common factor of g and 378?
14
Let q be 9 - (-12 + 7)*11. Calculate the highest common divisor of 712 and q.
8
Let l be 0/2*(-1)/2 + -1. Let b be 17 + 0 + (-2)/(-1)*l. Suppose -4*p + b = -3*p + 4*t, 2*t + 97 = 5*p. Calculate the greatest common divisor of p and 95.
19
Suppose 129*r - 87427 = 10484. Calculate the highest common divisor of 231 and r.
33
Let d be (-81)/36*32/(-6). Suppose -20 = -k + 4*w, 2*k - 30 - 6 = 4*w. Let o = k - 10. Calculate the greatest common factor of d and o.
6
Suppose 4*w = -5*p + 14, 0 = 3*w + 2*w - 4*p - 38. Suppose o = -3*d + w, 3*d - 52 + 76 = o. Calculate the highest common factor of 1455 and o.
15
Let u be (4/(8/(-6)))/((-2)/(-6)). Let n be (24 + 1)*(-1 + (-3 - u)). Let f = n + -116. What is the greatest common divisor of 36 and f?
9
Let n = 184 + 1. Suppose -3*o - 5*d + 493 = n, -5*o + 502 = -3*d. Suppose 293 = 3*v + 4*u, v + 0*v - o = -2*u. What is the greatest common divisor of 13 and v?
13
Let x be -3 + 2 + 29 + -2. Suppose 4*s - 1 = 11. Let c(h) = 6*h + 8. Let q be c(s). Calculate the greatest common divisor of x and q.
26
Suppose -2*v - 2*v = -2816. Suppose -155*s + 3051 + 3121 + 4000 = 252. Calculate the greatest common factor of s and v.
64
Let l(r) = -34*r + 3044. Let q be l(89). Calculate the greatest common divisor of q and 375.
3
Let u(k) = -4*k**3 + 134*k**2 + 71*k - 99. Let i be u(34). What is 